{"id":22,"date":"2023-12-31T07:12:51","date_gmt":"2023-12-31T07:12:51","guid":{"rendered":"https:\/\/bw.brandan.ch\/?page_id=22"},"modified":"2025-08-13T15:30:34","modified_gmt":"2025-08-13T15:30:34","slug":"rechnungswesen","status":"publish","type":"page","link":"https:\/\/bw.brandan.ch\/?page_id=22","title":{"rendered":"Rechnungswesen"},"content":{"rendered":"<h1 style=\"text-align: center;\"><img loading=\"lazy\" decoding=\"async\" class=\"alignleft\" src=\"https:\/\/brandan.ch\/logos\/logo_bw.png\" width=\"109\" height=\"110\" \/>Betriebswirtschaft \/ Rechnungswesen<\/h1>\n<p>&nbsp;<\/p>\n<p>&nbsp;<\/p>\n<p>Betriebswirtschaft heisst, ein Buch in Zahlen zu schreiben. In diesem Buch sollte die Geschichte Deines Unternehmens stehen. Je pr\u00e4ziser die Geschichte aufgeschrieben ist, umso pr\u00e4ziser lasst sich aus der Geschichte lernen. Gerne helfe ich Dir, die Grundlagen f\u00fcr Deine Geschichte aufzubauen oder neu zu organisieren. Dazu unterst\u00fctze ich Dich beim Auf- oder Umbau deines Rechnungswesens, helfe die Abl\u00e4ufe zu optimieren oder ein betriebliches Rechnungswesen zu implementieren.<\/p>\n<p>&nbsp;<\/p>\n<p><img loading=\"lazy\" decoding=\"async\" class=\"alignright\" src=\"https:\/\/www.brandan.ch\/bmh\/slider\/slider_1.png\" width=\"200\" height=\"125\" \/><\/p>\n<p>In vielen Zahlen kann man sich auch verlieren. Im Reporting geht es darum, die wesentlichen Zahlen zusammen zu fassen und verst\u00e4ndlich darzustellen. Meistens sind es einfache Massnahmen, die helfen,die Aussagen eines Rechnungswesens und Reportings zu verst\u00e4rken. Gerne helfe ich Dir, Dein Rechnungswesen so aufzubauen, dass Du eine optimale Aussge daraus ziehen kannst. Dazu setze ich Hilfsmittel wie Excel oder Access ein.<\/p>\n<p>&nbsp;<\/p>\n<p>Bei Bedarf kann ich Dir zu allen Themen <a href=\"https:\/\/bw.brandan.ch\/?page_id=84\">Schulungen<\/a> anbieten.<\/p>\n<p>&nbsp;<\/p>\n<p>Nach meiner Schlung zu dipl. Buchhalter \/ Controller durfte ich jahrelang Erfahrung sammeln als Leiter Conrolling \/ Admnistration. In diesen Gesch\u00e4ftsleitungs-Positionen habe ich mehrmals Gelegenheit bekiommen, das Rechnungswesen und das Controlling einzuf\u00fchren, zu optimieren und aussagef\u00f6hig aufzubauen.<\/p>\n<p>&nbsp;<\/p>\n","protected":false},"excerpt":{"rendered":"<p>Betriebswirtschaft \/ Rechnungswesen &nbsp; &nbsp; Betriebswirtschaft heisst, ein Buch in Zahlen zu schreiben. In diesem Buch sollte die Geschichte Deines Unternehmens stehen. Je pr\u00e4ziser die Geschichte aufgeschrieben ist, umso pr\u00e4ziser lasst sich aus der Geschichte lernen. Gerne helfe ich Dir, die Grundlagen f\u00fcr Deine Geschichte aufzubauen oder neu zu organisieren&#8230;.<\/p>\n<p class=\"continue-reading-button\"> <a class=\"continue-reading-link\" href=\"https:\/\/bw.brandan.ch\/?page_id=22\">Weiter lesen<i class=\"crycon-right-dir\"><\/i><\/a><\/p>\n","protected":false},"author":1,"featured_media":0,"parent":0,"menu_order":0,"comment_status":"closed","ping_status":"closed","template":"","meta":{"footnotes":""},"class_list":["post-22","page","type-page","status-publish","hentry"],"_links":{"self":[{"href":"https:\/\/bw.brandan.ch\/index.php?rest_route=\/wp\/v2\/pages\/22","targetHints":{"allow":["GET"]}}],"collection":[{"href":"https:\/\/bw.brandan.ch\/index.php?rest_route=\/wp\/v2\/pages"}],"about":[{"href":"https:\/\/bw.brandan.ch\/index.php?rest_route=\/wp\/v2\/types\/page"}],"author":[{"embeddable":true,"href":"https:\/\/bw.brandan.ch\/index.php?rest_route=\/wp\/v2\/users\/1"}],"replies":[{"embeddable":true,"href":"https:\/\/bw.brandan.ch\/index.php?rest_route=%2Fwp%2Fv2%2Fcomments&post=22"}],"version-history":[{"count":13,"href":"https:\/\/bw.brandan.ch\/index.php?rest_route=\/wp\/v2\/pages\/22\/revisions"}],"predecessor-version":[{"id":172,"href":"https:\/\/bw.brandan.ch\/index.php?rest_route=\/wp\/v2\/pages\/22\/revisions\/172"}],"wp:attachment":[{"href":"https:\/\/bw.brandan.ch\/index.php?rest_route=%2Fwp%2Fv2%2Fmedia&parent=22"}],"curies":[{"name":"wp","href":"https:\/\/api.w.org\/{rel}","templated":true}]}}